7*t - 6. Let h(u) = -u**2 + u. Let o(a) = 8*a - 16. Let v(i) = h(i) - o(i). Is v(t) a prime number?
False
Suppose -m - m = -4*d + 4, 5*d + 5*m = -10. Suppose -56*c + 53*c + 10371 = d. Is c prime?
True
Let a = 14 - 7. Let p = -176 + 368. Let g = p - a. Is g a prime number?
False
Let n(z) = -7*z**3 - z**2 + 19*z + 110. Is n(-5) a prime number?
False
Let h be (4/(-6))/((-10)/75). Let q = 9 - h. Suppose -o - 64 = l - 5*l, -q*l + 80 = -5*o. Is l a composite number?
True
Let x(g) = 11*g**3 - 7*g**2 + 6*g - 7. Let f(c) = 3*c**3 + 19*c**2 + 6*c + 6. Let m be f(-6). Is x(m) prime?
True
Let l(g) = 33*g**3 + 2*g**2 - 3*g - 3. Is l(2) prime?
True
Let y be (-12140)/(-36) + 0 + 2/(-9). Suppose 88 + y = 5*u. Is u composite?
True
Let v(t) = -4*t + 10*t**2 + 0 - 7*t**2 - 5 + 4. Is v(-8) a composite number?
False
Let z(p) be the second derivative of 61*p**3/3 - 3*p**2/2 - 5*p. Is z(8) composite?
True
Suppose -1 = 5*b - 26. Suppose b*g = 2734 + 3021. Is g composite?
False
Suppose -18*z - 887088 = -66*z. Is z a prime number?
True
Suppose 30177 = -6*g + 27*g. Is g prime?
False
Suppose -7*m + 11841 = 2314. Is m prime?
True
Let a(x) = -10*x**3 + 8*x**2 - 6*x - 6. Let h(v) = 9*v**3 - 7*v**2 + 5*v + 6. Let o(p) = 3*a(p) + 4*h(p). Is o(4) a prime number?
False
Suppose -3*i - 2*g = -16673, 2*g - 5 = -3*g. Is i prime?
True
Suppose -3*a = -m - 3308, -m + 4135 + 278 = 4*a. Is a composite?
False
Let s(g) = 19*g**2 + 7*g - 23. Let z be s(9). Suppose -3*a + 1352 = -z. Is a a prime number?
True
Suppose 745 = n + 4*n. Let y = 225 - n. Is (-2 - -3)*y/4 composite?
False
Suppose -360 - 760 = -4*v. Suppose 0 = -4*g + 2*h - h + v, 4*g + 5*h - 256 = 0. Suppose -8*k + 5*k = -g. Is k a composite number?
False
Suppose 5*l - 10634 = 1096. Let k be 2/(-6) - l/(-18). Let i = -77 + k. Is i composite?
False
Suppose -225*q - 3877015 = -256*q. Is q composite?
True
Let b(x) be the second derivative of x**4/3 - 5*x**3/3 + 23*x**2/2 + 3*x. Is b(-10) a prime number?
True
Let l be 834/9*(-7 + 1). Let q = l - -1299. Is q prime?
True
Suppose 0 = -h - 2*h + 12. Let u(y) = -16*y + 3. Let l be u(h). Let v = l - -116. Is v a composite number?
True
Let n(i) = -30*i - 1. Let w = -7 - -11. Suppose 0 = -w*v - 3*a - 17, 3*v + 2*a = 3*a - 16. Is n(v) a prime number?
True
Suppose -5*c = -5*r + 56415, -5*r + 16*c = 14*c - 56403. Is r composite?
False
Suppose 0 = 5*u - u - 12536. Let m = 4453 - u. Is m prime?
True
Let v(d) = -d**2 + 4*d + 4. Let j be v(4). Suppose -5*n - 4*m = -6747, 0*m = 4*n - j*m - 5412. Is n prime?
False
Is (-144109)/(-21) + ((-12)/9)/(-2) composite?
False
Let t(m) = 3*m - 24. Let r be t(7). Is ((-178)/(-6))/(r/(-9)) composite?
False
Let k(r) = 14*r**2 + 10*r + 47. Is k(-5) a prime number?
True
Is (15 + -17)/((-6)/6657) prime?
False
Suppose 0 = -7*p + 12*p - 30. Suppose -p*f - 2374 + 10660 = 0. Is f composite?
False
Suppose 5*n - 1897 = 2*b, -4*n + 1513 = b + 2*b. Is n a composite number?
False
Let i(v) = v - 5. Let r be i(8). Suppose r*m - m - 6 = 0. Is (-58)/m*(-15)/2 composite?
True
Is (301/1204)/((-11770)/(-11768) + -1) a prime number?
True
Let s = 32900 + -6817. Is s composite?
False
Suppose 2*m - 3*r - 60206 = -124, 0 = 3*r + 12. Is m a composite number?
True
Let z = -24 + -48. Let w = 213 + z. Is w composite?
True
Let w(b) = 73*b + 3. Let o be (5 - 0) + 21 + -22. Let y(q) = -36*q - 1. Let r(i) = o*w(i) + 9*y(i). Is r(-4) prime?
True
Let r(g) = 6*g**3 + 11*g**2 - g + 8. Let z be r(-9). Is (z/(-4))/((-9)/6 - -2) a prime number?
True
Let o(y) be the third derivative of y**6/20 + y**5/40 - 3*y**4/8 - y**2. Let g(w) be the second derivative of o(w). Is g(3) prime?
False
Let f(o) = -1111*o + 3 - 7 + 8. Is f(-1) a prime number?
False
Let k(w) = -541*w**2 - w + 3. Let m(f) = -1623*f**2 - 4*f + 10. Let n(a) = -7*k(a) + 2*m(a). Is n(-1) a prime number?
True
Is 5658/4*(20/12 - 1) a prime number?
False
Let y(a) = 12*a**2 - 55*a + 76. Is y(-33) prime?
False
Suppose -5*b - 2*j = -72, -3*b - 2*j + 4*j + 56 = 0. Let f be b/(-24) - 4079/(-3). Let l = f + -922. Is l prime?
False
Let w = -39 + 42. Suppose -3*x + 3*u + 3265 = 2*x, -w*x - 5*u = -1959. Is x a composite number?
False
Let m be 7 - 10 - (0 - -3). Let f = -8 - m. Is (-903)/(-14)*f/(-3) composite?
False
Let x = -606 - -876. Let f = x + -17. Is f a prime number?
False
Let s(r) = 3*r**2 - 5*r + 7. Let y be s(-5). Suppose -2*c + 2*b = c - 65, -5*c = -2*b - y. Is c prime?
False
Suppose -18*b = -13*b + 5. Is 23452/8 + b + 6/(-4) composite?
True
Let u(n) = -5*n**2 + 11*n**2 - 14*n**3 + 0*n**2 + 16 + 2*n**2 + 3*n. Is u(-9) a prime number?
False
Let r = 3516 - 1957. Is r prime?
True
Let l(f) = -f**3 - 16*f**2 - 17*f - 53. Is l(-18) prime?
False
Let p = -318 - -611. Suppose 3*j = p + 712. Is j a prime number?
False
Let g(l) = -l**2 + 19*l - 48. Let s be g(16). Let r(q) = q**2 + 2*q + 1753. Is r(s) a composite number?
False
Let u be -760 - (4 - 3 - 0). Let j = u + 1212. Is j composite?
True
Let d be (-77 + 1)*4/(4/1). Let w = 134 + d. Is w a composite number?
True
Let h = 12 - 6. Let d(r) = r**2 + 6*r + 4. Let o be d(h). Suppose t + o = 663. Is t prime?
True
Suppose 3 = -0*y + y. Suppose y*w = -3*u + 1836, 4*u = w + u - 616. Is w a prime number?
True
Let l = -83 - -85. Is (-7610)/(-20) - (-1)/l a composite number?
True
Suppose 29 = 5*r + 9. Suppose -f = r*c + f - 1234, -2*c + 3*f + 637 = 0. Is c a composite number?
False
Let l(k) = 794*k**2 - 23*k - 2. Is l(-4) prime?
False
Let q = -22 + -4. Let d be (-14)/(-49) - q/7. Is (2/d)/((-2)/(-716)) prime?
True
Suppose 11*l - 3531 = 3586. Is l prime?
True
Suppose -5*t = -2*r - 18, -3*r = -5*t - 4*r + 21. Suppose 3*z = z - 5*l - 5, -t = -3*z + 4*l. Suppose -6*d + 10*d - 2228 = z. Is d composite?
False
Let j(y) = y**2 - 7*y + 14. Let n be j(7). Is 45716/11*n/8 a prime number?
False
Let g = 9684 - -871. Is g a prime number?
False
Let u = 29 + -25. Is (13*(-82)/u)/((-3)/6) a composite number?
True
Suppose 2*p = -3*s - 8, 5*p + 5*s - 6*s = 14. Let g(h) = h. Let b be g(p). Suppose -83 = b*k - 697. Is k prime?
True
Let s = 489 + -40. Is s a prime number?
True
Let r(l) = -l + 15. Let y be r(11). Suppose 4*o = -d - 3 - y, -5*o - 65 = -5*d. Is (7/2)/(d/198) a prime number?
False
Let m(s) = -37*s - 3. Let i be m(2). Let w = -3 + 115. Let d = w + i. Is d composite?
True
Suppose -5*b - 6 = 14. Is 2012/(-1 + 5) + b composite?
False
Suppose -8*b + b = 0. Suppose 3*n - 2392 - 1241 = b. Is n a composite number?
True
Let a be -2*1/2*1. Let y = a - -6. Suppose -430 = -2*o - 2*v - 2*v, -y*o - 5*v + 1050 = 0. Is o composite?
True
Suppose 4*n - 45 = 5*f, 0 = -n + 3*n - 5*f - 35. Suppose n*v - 4*v - 10892 = -3*l, -v = -5*l + 18140. Is l prime?
False
Let m(c) = 6 - 122*c**3 - 114*c**3 - 7 + 11*c**3. Let s be m(-1). Suppose -3*o + 1102 = 5*f, -4*f = -3*f - 3*o - s. Is f prime?
False
Is (-5 + 10 - 8) + 6388 prime?
False
Let u(q) = -1170*q - 48. Let f be u(-14). Is ((-4)/6)/((-8)/f) a composite number?
False
Let p(v) = 27*v**2 - 10*v - 74. Is p(13) composite?
True
Let p(v) be the third derivative of 155*v**4/24 + 11*v**3/3 - v**2 + 16. Is p(3) a composite number?
False
Let u(g) = -25*g - 63. Let i(s) = -13*s - 31. Let v(t) = 11*i(t) - 6*u(t). Is v(22) a prime number?
True
Suppose 0 = 88*a - 86*a - 19954. Is a composite?
True
Let t(h) = h**3 - 6*h**2 - 4. Let y be t(6). Let b be 1/((-2)/1336*y). Suppose -6 = -0*v - 3*v, b = 3*z + v. Is z composite?
True
Suppose -7*y = -261053 - 89066. Is y composite?
True
Let j(t) = t**2 + 1. Let b(x) = 1495*x**2 + x - 3. Let a(v) = b(v) + 4*j(v). Is a(-1) a composite number?
False
Suppose -347 - 2798 = -5*l. Is l prime?
False
Suppose -4*y = -p - 607, y = -0*y - p + 158. Suppose -6*v = -v - 190. Let g = v + y. Is g a prime number?
True
Suppose f = 5*d - 16, 0 = -2*d - 4*f + f + 20. Let c = -43 - d. Let s = c + 98. Is s composite?
True
Suppose -20*n = -32*n + 762756. Is n prime?
False
Let h(a) = 2610*a**3 + a**2 - 1. Let t be h(1). Let n = -56 - t. Is n/(-14) - 4/(-7) composite?
False
Let b = -1 + 11. Let p = -5 + b. Let d(s) = 7*s**2 + 7*s + 1. Is d(p) a composite number?
False
Let v(r) = 705*r + 148. Is v(15) a prime number?
True
Let y(p) = 19*p**2 - 24*p - 302. Is y(-27) a prime number?
True
Suppose -12*w + 1409 = -198643. Is w composite?
True
Let b = -6610 + 20979. Is b a prime number?
True
Let b be